t). Let r(n) = m + 2 - n - 4. Calculate r(4).
1
Let c(x) = 41*x**2 + 18*x + 1 - x**3 - 74*x**2 + 26*x**2. Determine c(-9).
1
Suppose 6*g - 14 = 16. Let t(d) = -2*d**2 + 3*d + g - 9*d + 3*d**2 - 7. What is t(6)?
-2
Let h = 551 + -555. Let g(c) = 2*c**2 - 3*c. Let o(u) = u**3 + u**2 - u. Let a(w) = g(w) + o(w). Give a(h).
0
Let a(v) = v**2 - 11*v + 8. Suppose 3*b - 15*b = -84. What is a(b)?
-20
Suppose -13*c = 36 - 179. Let n(z) be the third derivative of -1/6*z**3 - 1/24*z**4 + 0*z + c*z**2 + 0. Determine n(0).
-1
Suppose 1 = -2*u + a, 5*u + 3*a + 17 - 42 = 0. Suppose 0 = -g - u + 6. Let f(k) = g*k + k - 8*k. What is f(-3)?
9
Let l = 0 + -5. Let w = 2 - l. Let u(g) = -g + 3. Give u(w).
-4
Let k(i) = -5*i - 84. Let f be k(-15). Let n(l) be the second derivative of l**4/12 + 4*l**3/3 - 3*l**2 + 2*l. What is n(f)?
3
Let p be -3*(-2)/2 + 0. Let o(r) be the third derivative of -r**6/120 + r**5/12 - r**4/12 + r**3/6 + 773*r**2. What is o(p)?
13
Let m(d) = -d**2 - 5*d + 16. Suppose 0 = 5*t - 0*t - 15, -3*z - 18 = 3*t. Give m(z).
-20
Let l(i) be the third derivative of -7*i**4/24 - 11*i**3/2 - 43*i**2. Let s be l(-5). Let m(c) = 2*c**3 - c**2 - c. Determine m(s).
10
Let o(y) be the first derivative of y**2/2 + 6*y - 61. What is o(5)?
11
Let z(c) = -c**2 + 5*c - 1. Suppose 14*v - 6*v - 40 = 0. What is z(v)?
-1
Let x be -7*((4 - 2) + 40/(-14)). Let j(r) = r**2 - 4*r - 8. Let s be j(x). Let u(g) = g**3 - 5*g**2 + 2*g + 4. Give u(s).
-4
Let d(n) = -238 + n**3 + 21*n**2 - 3*n**2 + 470 + 2*n - 205. Calculate d(-18).
-9
Let r(m) = -6*m + 9. Let s(a) = 2*a + 5. Let k(h) = 3*r(h) + 3*s(h). Determine k(3).
6
Let i(c) = 7*c**2 - 28*c - 48. Let u(r) = -3*r**2 + 14*r + 23. Let y(s) = 4*i(s) + 9*u(s). Give y(-13).
2
Let b(z) = 7*z**3 - 5*z + 6 - 5*z**3 - 7*z**2 - 3*z**3 - 3*z. Determine b(-6).
18
Let m(c) be the first derivative of -6*c**3 + c**2 - c + 5. Let x = -21 - -22. Give m(x).
-17
Let p(s) = 14*s. Let a = -660 + 659. Determine p(a).
-14
Let q(m) be the second derivative of -m**3/6 - m**2/2 - 200*m. Give q(4).
-5
Suppose -5*l - 2*d + 20 = 3*d, 2*d = 2*l. Suppose 28*j - 4*j = 144. Let t(n) = 10*n - 2*n + j - 3*n - n**2 + 2*n**l. Determine t(-4).
2
Suppose 83*n - 398 = 17. Let h(o) = o**3 - 6*o**2 + o + 7. Determine h(n).
-13
Let g(r) be the first derivative of r**5/15 - r**4/24 - 9*r**2/2 + 24. Let f(i) be the second derivative of g(i). Determine f(1).
3
Let k(f) = f**3 + 3*f - 3. Let q be 4 + (-11)/(11/(-24)). Let z = q - 26. Calculate k(z).
11
Let z(c) = 7*c**2 - 15*c - 10. Let b(n) = 6*n**2 - 14*n - 11. Let h(y) = -6*b(y) + 5*z(y). What is h(10)?
6
Let n(g) = 8*g + 1. Let s(l) = l. Let d(k) = n(k) - 6*s(k). Suppose 0 = -2*p - 3*p + 15. Suppose -6 = -u + p*u. What is d(u)?
-5
Let c(z) = -z**3 - 3*z**2 - z + 4. Suppose -4*d - 9 = -7*d. Suppose d*t = 4*t + 4, 17 = l - 5*t. What is c(l)?
7
Suppose -2*n = -0*n - 16. Let h(p) = -p**3 + 9*p**2 - 6*p - 8. Calculate h(n).
8
Let p(i) = 3*i**2 - 1 + 23*i - 4*i**2 - 24*i. Let y(q) = q + 1. Let s be y(-4). Give p(s).
-7
Suppose 0 = 9*q - 3 - 6. Suppose r + 3 = -1. Let u be q/(-2)*(-4 - r). Let o(f) = f**2 - f + 11. What is o(u)?
11
Let o(q) = 3*q**2 + 30*q - 30. Let d be o(-11). Let r(m) = -m**3 + 5*m**2 - 4*m + 4. What is r(d)?
10
Let n = -285 + 292. Let a(m) = 7*m - 2. Calculate a(n).
47
Let z be (-115)/(-23)*(-4)/(-10). Let i(k) = -6 - z*k**2 + k**2 + 5*k + 2. What is i(4)?
0
Suppose 0 = -y - 3*j + 6, -y - 4*y - 2*j + 17 = 0. Let i = y - 5. Let p(b) = -b**3 - 3*b**2 - 2*b - 1. Calculate p(i).
-1
Let v = 339 - 333. Let n(u) = -4*u + 4. Give n(v).
-20
Let y be (3/(-5))/(80/(-25) + 3). Let i(v) = -3*v**2 - y*v**2 - 10*v**2 + v + 4*v**2. Suppose -3*j = -8*j - 5. Give i(j).
-13
Let p(f) = 1. Let k(n) = n**2 - 4*n - 12. Let b(v) = k(v) + 6*p(v). Let a(x) = x + 2. Suppose 4*h - 6 = 6. Let g be a(h). Give b(g).
-1
Let j(i) = 7*i**3 + 2*i - 1. Let l(d) = d**2 + 6*d + 1. Let w be l(0). Calculate j(w).
8
Let z(h) = 4*h + 2. Let x be z(-1). Let f be 0/1 + x/(-2). Let t(o) = o + 3*o - 1 - 2*o - 5*o. Determine t(f).
-4
Let u = 19 - 32. Let t = u + 15. Let i(s) = 4*s**2 - 3*s**2 - 3*s**t + 2*s + 2 - 3. Determine i(1).
-1
Let a = 47 + -27. Let h = -18 + a. Let v(x) = -x**3 + 2*x - 1. Give v(h).
-5
Suppose 4*j = 4*i - 2*i + 12, -6 = 3*i. Let p(o) be the first derivative of 1/2*o**2 + j + 2*o. Calculate p(3).
5
Let o(t) = -31*t - 34*t + 78*t. Determine o(-2).
-26
Let v(r) be the first derivative of -r**7/840 - r**5/120 - r**4/6 + 4*r**3 - 7. Let y(q) be the third derivative of v(q). Determine y(0).
-4
Suppose -v - 16 = -4*s, -2*s + s + 3*v + 15 = 0. Let y(h) be the third derivative of h**6/120 - h**5/20 - 2*h**3/3 - 7*h**2. Determine y(s).
-4
Let g be (-4)/(-5)*(-5)/(-2). Let h(u) = 0 - u**g + 1 - 2*u - 2*u. Let f = -3097 - -3094. Determine h(f).
4
Let i(m) be the second derivative of -9*m**5/20 + m**4/4 - m**3/6 - m**2/2 - 201*m. Determine i(1).
-8
Let c be -7 + 0 + (-2989)/(-420). Let q(o) be the third derivative of 9*o**2 + 0*o + 0*o**4 + c*o**5 + 1/120*o**6 - 1/6*o**3 + 0. Give q(-7).
-1
Let g = -63 - -57. Let i(j) = -4*j + 8. Let r(c) = -5*c + 8. Let v(l) = g*i(l) + 5*r(l). Calculate v(-10).
2
Let p(v) = v - 5. Let q(z) = -72*z**2 + 7*z**3 - z + 73*z**2 - 2*z + 1. Let f be q(1). Calculate p(f).
1
Let a = 1012 + -1020. Let h(j) = 2*j - 2 + 7*j + j**2 - 4. Determine h(a).
-14
Let p(a) be the third derivative of 1/6*a**3 + 0 + a**2 - 1/60*a**5 + 5/12*a**4 + 2*a. Determine p(7).
22
Let z(r) = r**2 - 8*r. Let j be (0 - 3) + -4 + 12. Suppose 3*l = 3*x - j*x + 16, -5*x = -4*l + 52. Determine z(l).
0
Let t(v) = -v**3 - 5*v**2 - 2*v - 3. Let q(i) = i**2 - 13*i - 20. Let y be q(15). Suppose 3*l + 5*j - y = -47, -3*j - 19 = l. Calculate t(l).
-11
Let t(p) = 23*p**3 + 22*p**2 + 26*p + 14. Let q(a) = -8*a**3 - 8*a**2 - 9*a - 5. Let z(c) = -17*q(c) - 6*t(c). Give z(3).
-26
Let p = 12 - 2. Suppose b - 2*r = -r - p, -b = 3*r - 6. Let u(m) be the third derivative of -m**6/120 - 7*m**5/60 - 5*m**4/24 + m**3 - m**2. Determine u(b).
0
Suppose 0 = 3*b + 3*u - 15, 3*b = -0*b - 5*u + 25. Suppose -5*t + 5 = -b*t. Let v(y) = 1 - t + 5*y + 1 + 3. Determine v(-3).
-11
Let x be 9/(-2) - (-4)/(-8). Let k(c) be the second derivative of -c**3/6 - 7*c**2/2 - 555*c. Determine k(x).
-2
Let u(j) be the first derivative of j**4/12 + 5*j**3/6 - 3*j**2 + 13*j + 7. Let k(c) be the first derivative of u(c). Calculate k(-5).
-6
Let a(z) = -4*z - 3. Let m(f) = 20*f + 76. Let i be m(-4). Calculate a(i).
13
Let x(m) be the first derivative of -m**3/3 - m**2 - m - 23. What is x(3)?
-16
Let m(l) = -8*l + 30 + 7 - 9*l + 19*l. What is m(-17)?
3
Suppose -4*u - 2 = n - 17, -3*n + 5 = 2*u. Suppose x = u*a - 23, -3*x - 1 = -a + 13. Let w(i) = -4*i**2 + 0 + a + 0 - 4*i + i**3. Determine w(4).
-11
Let y(h) = h**3 + 7*h**2 + h + 4. Suppose z = 3 - 0. Suppose -z*a - a + 8 = 0. Suppose 5*g + j + 19 = -20, -3*j - 26 = a*g. Calculate y(g).
-3
Let s(g) = 4 + 9*g - 8*g - 8*g + 3*g - 8*g. Determine s(3).
-32
Let t(r) = 4*r**3 - r**2 + 1. Let i = -385 + 386. What is t(i)?
4
Let t = 105 + -95. Let j(z) = -z - 8 - z**2 + t - 4. Suppose f = 2*f. Determine j(f).
-2
Suppose -4*b - 4*n - 36 = 0, -3*b - n = -0*n + 17. Let s(c) be the third derivative of c**4/24 + 3*c**3/2 + c**2 + 7*c - 10. What is s(b)?
5
Let b(g) = -7*g - 1. Let k = 46 - 39. Suppose f = 4*o + 7, -k*o - 8 = -2*f - 2*o. What is b(f)?
6
Let h(m) = -m**2 + 8*m + 9. Suppose -7*l + 189 = 14*l. What is h(l)?
0
Let x(t) = 7*t - 2. Let f be x(1). Let c be f/((-30)/(-8))*3. Suppose c = -5*k + 4*k. Let l(h) = h**3 + 4*h**2 + 2*h + 6. Determine l(k).
-2
Let l(q) be the first derivative of -q**2/2 + q - 271. Suppose 6*b = b. Determine l(b).
1
Let q(a) = -a**2 - a + 1. Let i(x) = -7 + 5*x + 1 + 6*x. Let n(j) = -4*j + 2. Let k(f) = -3*i(f) - 8*n(f). Let d be k(1). Determine q(d).
-1
Suppose 2*u + u + 3 = 0. Let q(l) = 1 + 4*l**2 + l - 2 + 2. Calculate q(u).
4
Let s(p) = -8*p + 31. Let k(j) = 17*j - 67. Let l(x) = -6*k(x) - 13*s(x). Calculate l(-1).
-3
Let m(k) be the second derivative of k**6/20 + k**5/30 - k**3/6 + 3*k**2/2 + 8*k. Let p(l) be the first derivative of m(l). Suppose -4*j - 4 + 0 = 0. Give p(j).
-5
Suppose 314*g = 307*g + 28. Let w(d) = -d**3 + 4*d**2 - 4. Give w(g).
-4
Let h(r) = -12 + 108*r - 7 - 59*r - 59*r + 4. Calculate 